{"id":2,"date":"2018-04-05T23:17:43","date_gmt":"2018-04-05T21:17:43","guid":{"rendered":"http:\/\/jezykiobce.jaworzno.edu.pl\/wordpress\/?page_id=2"},"modified":"2026-03-22T19:50:47","modified_gmt":"2026-03-22T18:50:47","slug":"przykladowa-strona","status":"publish","type":"page","link":"https:\/\/jezykiobce.jaworzno.edu.pl\/?page_id=2","title":{"rendered":"Gramatyka"},"content":{"rendered":"<p style=\"text-align: center;\"><strong>SENTENCE STRUCTURE<\/strong><\/p>\n<p><a href=\"https:\/\/jezykiobce.jaworzno.edu.pl\/wordpress\/wp-content\/uploads\/2019\/09\/word_order.pdf\">Word order<\/a><\/p>\n<p><a href=\"https:\/\/jezykiobce.jaworzno.edu.pl\/wordpress\/wp-content\/uploads\/2020\/12\/021_Question-Tags.pdf\">Question Tags\u00a0<\/a><\/p>\n<p><a href=\"https:\/\/jezykiobce.jaworzno.edu.pl\/wordpress\/wp-content\/uploads\/2026\/01\/136-Questions-ThM.pdf\">Direct questions 1<\/a><\/p>\n<p style=\"text-align: center;\"><strong>ARTICLES<\/strong><\/p>\n<p><a href=\"https:\/\/jezykiobce.jaworzno.edu.pl\/wordpress\/wp-content\/uploads\/2019\/01\/061_teoria.pdf\">Articles a\/the\/- (rules)<\/a><\/p>\n<p><a href=\"https:\/\/jezykiobce.jaworzno.edu.pl\/wordpress\/wp-content\/uploads\/2022\/03\/przedimki_thomson_martinet.pdf\">Articles (Intermediate)<\/a><\/p>\n<p><a href=\"https:\/\/jezykiobce.jaworzno.edu.pl\/wordpress\/wp-content\/uploads\/2019\/01\/061_przedimki.pdf\">Articles &#8211; exercises (upper-intermediate)<\/a><\/p>\n<p style=\"text-align: center;\"><strong>PRONOUNS\/NOUNS<\/strong><\/p>\n<p><a href=\"https:\/\/jezykiobce.jaworzno.edu.pl\/wordpress\/wp-content\/uploads\/2019\/09\/zaimki-nieokresloe.pdf\">Indefinite pronouns<\/a><\/p>\n<p><a href=\"https:\/\/jezykiobce.jaworzno.edu.pl\/wordpress\/wp-content\/uploads\/2022\/06\/one-ones.pdf\">One\/ones<\/a><\/p>\n<p><a href=\"https:\/\/jezykiobce.jaworzno.edu.pl\/wordpress\/wp-content\/uploads\/2026\/03\/saxon-genitive-bywater.pdf\">POSSESIVE CASE (SAXON GENITIVE)<\/a><\/p>\n<p style=\"text-align: center;\"><strong>QUANTIFIERS<\/strong><\/p>\n<p><a href=\"https:\/\/jezykiobce.jaworzno.edu.pl\/wordpress\/wp-content\/uploads\/2025\/10\/zasada-pojedynczego-przeczenia.pdf\">Zasada pojedynczego przeczenia<\/a><\/p>\n<p><a href=\"https:\/\/jezykiobce.jaworzno.edu.pl\/wordpress\/wp-content\/uploads\/2022\/02\/Allall-of-mostmost-of-no-none-of.pdf\">All,all of, most,most of, no, none of<\/a><\/p>\n<p><a href=\"https:\/\/jezykiobce.jaworzno.edu.pl\/wordpress\/wp-content\/uploads\/2022\/02\/all-every-whole.pdf\">all-every-whole<\/a><\/p>\n<p><a href=\"https:\/\/jezykiobce.jaworzno.edu.pl\/wordpress\/wp-content\/uploads\/2022\/02\/Both-Neither-Either.pdf\">Both, Neither, Either<\/a><\/p>\n<p><a href=\"https:\/\/jezykiobce.jaworzno.edu.pl\/wordpress\/wp-content\/uploads\/2022\/02\/Each-and-Every.pdf\">Each and Every<\/a><\/p>\n<p><a href=\"https:\/\/jezykiobce.jaworzno.edu.pl\/wordpress\/wp-content\/uploads\/2022\/02\/Much-many-little-few-a-lot-plenty.pdf\">Much, many, little, few, a lot, plenty<\/a><\/p>\n<p><a href=\"https:\/\/jezykiobce.jaworzno.edu.pl\/wordpress\/wp-content\/uploads\/2022\/02\/No-vs-None-vs-Any.pdf\">No vs None vs Any<\/a><\/p>\n<p><a href=\"https:\/\/jezykiobce.jaworzno.edu.pl\/wordpress\/wp-content\/uploads\/2022\/02\/Some-vs-Any.pdf\">Some vs Any<\/a><\/p>\n<p style=\"text-align: center;\"><strong>ADJECTIVES\/ADVERBS<\/strong><\/p>\n<p><a href=\"https:\/\/jezykiobce.jaworzno.edu.pl\/wordpress\/wp-content\/uploads\/2020\/10\/adjectives_order.pdf\">Kolejno\u015b\u0107 przymiotnik\u00f3w przed rzeczownikiem<\/a><\/p>\n<p><a href=\"https:\/\/jezykiobce.jaworzno.edu.pl\/wordpress\/wp-content\/uploads\/2022\/01\/105.pdf\">Modyfikacja stopnia wy\u017cszego, teoria i \u0107wiczenia<\/a><\/p>\n<p><a href=\"https:\/\/jezykiobce.jaworzno.edu.pl\/wordpress\/wp-content\/uploads\/2021\/05\/062_przymiotniki.pdf\">Stopniowanie przymiotnik\u00f3w &#8211; modyfikacja stopnia wy\u017cszego, \u0107wiczenie<\/a><\/p>\n<p><a href=\"https:\/\/jezykiobce.jaworzno.edu.pl\/wordpress\/wp-content\/uploads\/2024\/10\/intensifiers.pdf\">Intensifiers<\/a><\/p>\n<p><a href=\"https:\/\/jezykiobce.jaworzno.edu.pl\/wordpress\/wp-content\/uploads\/2026\/03\/unit_91_exercises_transcription.pdf\">ADVERBS: PLACE, FREQUENCY, TIME (advanced)<\/a><\/p>\n<p><a href=\"https:\/\/jezykiobce.jaworzno.edu.pl\/wordpress\/wp-content\/uploads\/2026\/03\/str-181.pdf\">POSITION OF ADVERBS (ADVANCED)<\/a><\/p>\n<p style=\"text-align: center;\"><strong>TENSES<\/strong><\/p>\n<p>PRESENT<\/p>\n<p><a href=\"https:\/\/jezykiobce.jaworzno.edu.pl\/wordpress\/wp-content\/uploads\/2019\/06\/Present-Simple-vs-Present-Continuous.pdf\">Present Simple vs Present Continuous<\/a><\/p>\n<p><a href=\"http:\/\/jezykiobce.jaworzno.edu.pl\/wordpress\/wp-content\/uploads\/2019\/09\/023_present-perfect_pr_perf_cont.pdf\">Present Perfect vs Present Perfect Continuous<\/a><\/p>\n<p><a href=\"https:\/\/jezykiobce.jaworzno.edu.pl\/wordpress\/wp-content\/uploads\/2019\/09\/023_present-tenses_wstaw_czasownik.pdf\">Present tenses<\/a><\/p>\n<p><a href=\"https:\/\/jezykiobce.jaworzno.edu.pl\/?page_id=803\">Film<\/a><\/p>\n<p>PAST<\/p>\n<p><a href=\"https:\/\/jezykiobce.jaworzno.edu.pl\/wordpress\/wp-content\/uploads\/2019\/02\/023_Zadania-SP-vs-PC.pdf\">Past Simple vs Past Continuous<\/a><\/p>\n<p><a href=\"https:\/\/jezykiobce.jaworzno.edu.pl\/wordpress\/wp-content\/uploads\/2019\/02\/023_past-perfect_ppcont.pdf\">Past Perfect vs Past Perfect Continuous<\/a><\/p>\n<p><a href=\"https:\/\/jezykiobce.jaworzno.edu.pl\/wordpress\/wp-content\/uploads\/2024\/09\/pastsimple_pastperfect.pdf\">Past Simple vs Past Perfect<\/a><\/p>\n<p><a href=\"https:\/\/jezykiobce.jaworzno.edu.pl\/wordpress\/wp-content\/uploads\/2019\/02\/023_past_tenses.pdf\">Past Tenses<\/a><\/p>\n<p>PRESENT &#8211; PAST<\/p>\n<p><a href=\"https:\/\/jezykiobce.jaworzno.edu.pl\/wordpress\/wp-content\/uploads\/2022\/02\/pr.perf-simple.past_.pdf\">Present Perfect vs Simple Past<\/a><\/p>\n<p><a href=\"https:\/\/jezykiobce.jaworzno.edu.pl\/wordpress\/wp-content\/uploads\/2025\/11\/ex46.pdf\">Past and Present Tenses<\/a><\/p>\n<p>FUTURE<\/p>\n<p><a href=\"https:\/\/jezykiobce.jaworzno.edu.pl\/wordpress\/wp-content\/uploads\/2019\/02\/023_FUTURE_STRUCTURES.pdf\">Structures expressing future and future tenses (Murphy)<\/a><\/p>\n<p><a href=\"https:\/\/jezykiobce.jaworzno.edu.pl\/wordpress\/wp-content\/uploads\/2019\/02\/023_future_formy.pdf\">Structures expressing future and future tenses (B\u0119benek, Kucharczyk)<\/a><\/p>\n<p><a href=\"https:\/\/jezykiobce.jaworzno.edu.pl\/wordpress\/wp-content\/uploads\/2020\/01\/Future_structures.pdf\">Future structures (no tenses)<\/a><\/p>\n<p><a href=\"https:\/\/jezykiobce.jaworzno.edu.pl\/wordpress\/wp-content\/uploads\/2020\/09\/fs-fc.pdf\">Future Continuous vs Future Simple<\/a><\/p>\n<p><a href=\"https:\/\/jezykiobce.jaworzno.edu.pl\/wordpress\/wp-content\/uploads\/2026\/03\/FUTURE-PERFECT-VS-FUTURE-PERFECT-CONTINUOUS.pdf\">FUTURE PERFECT VS FUTURE PERFECT CONTINUOUS<\/a><\/p>\n<p><a href=\"https:\/\/jezykiobce.jaworzno.edu.pl\/wordpress\/wp-content\/uploads\/2022\/01\/FUTURE-TENSES.pdf\">FUTURE TENSES<\/a><\/p>\n<p>MIXED<\/p>\n<p><a href=\"https:\/\/jezykiobce.jaworzno.edu.pl\/wordpress\/wp-content\/uploads\/2022\/06\/3siuda_24.pdf\">Intermediate<\/a><\/p>\n<p><a href=\"https:\/\/jezykiobce.jaworzno.edu.pl\/wordpress\/wp-content\/uploads\/2022\/06\/EX50.pdf\">Upper-Intermediate<\/a><\/p>\n<p><a href=\"https:\/\/jezykiobce.jaworzno.edu.pl\/wordpress\/wp-content\/uploads\/2022\/06\/ex51.pdf\">Advanced<\/a><\/p>\n<p style=\"text-align: center;\"><strong>GERUND vs INFINITIVE<\/strong><\/p>\n<ol>\n<li><a href=\"https:\/\/jezykiobce.jaworzno.edu.pl\/wordpress\/wp-content\/uploads\/2021\/11\/teoria_new.pdf\">Gerund and infinitive (teoria)<\/a><\/li>\n<li>Po\u0107wicz znajomo\u015b\u0107 teorii\u00a0<a href=\"https:\/\/quizlet.com\/_8cwg0n?x=1jqt&amp;i=1gilqj\">Quizlet<\/a><\/li>\n<li><a href=\"https:\/\/jezykiobce.jaworzno.edu.pl\/wordpress\/wp-content\/uploads\/2018\/09\/027_gerund_infinitive_exercises.pdf\">Gerund Infinitive Exercises<\/a><\/li>\n<li><a href=\"https:\/\/jezykiobce.jaworzno.edu.pl\/wordpress\/wp-content\/uploads\/2018\/09\/027_participles.pdf\">Using participles to join sentences (PARTICIPLE CLAUSES)<\/a><\/li>\n<li><a href=\"https:\/\/jezykiobce.jaworzno.edu.pl\/wordpress\/wp-content\/uploads\/2019\/12\/027_infinitives.pdf\">Types of infinitives<\/a><\/li>\n<li><a href=\"https:\/\/jezykiobce.jaworzno.edu.pl\/wordpress\/wp-content\/uploads\/2019\/12\/RODZAJE-IMIES\u0141OW\u00d3W.pdf\">Variouos types of gerund and infinitive<\/a><\/li>\n<li><a href=\"https:\/\/jezykiobce.jaworzno.edu.pl\/wordpress\/wp-content\/uploads\/2024\/09\/siuda-zolty-66-2cz.pdf\">Gerund vs Infinitive (choose the correct form)<\/a><\/li>\n<li><a href=\"https:\/\/jezykiobce.jaworzno.edu.pl\/wordpress\/wp-content\/uploads\/2024\/09\/murphy-23-296.pdf\">Gerund and Infinitive Exercises (RM)<\/a><\/li>\n<li><a href=\"https:\/\/jezykiobce.jaworzno.edu.pl\/wordpress\/wp-content\/uploads\/2024\/09\/siuda-zolty-66-2cz.pdf\">Gerund vs Infinitive (choose the correct form)<\/a><\/li>\n<\/ol>\n<p style=\"text-align: center;\"><strong>MODAL VERBS<br \/><\/strong><\/p>\n<ol>\n<li><a href=\"https:\/\/jezykiobce.jaworzno.edu.pl\/wordpress\/wp-content\/uploads\/2025\/01\/modal-verbs-basic.pdf\">Modal Verbs PP<\/a><\/li>\n<li><a href=\"https:\/\/jezykiobce.jaworzno.edu.pl\/wordpress\/wp-content\/uploads\/2019\/11\/pearson_test.pdf\">Powt\u00f3rzenie &#8211; forma podstawowa.<\/a><\/li>\n<li><a href=\"http:\/\/jezykiobce.jaworzno.edu.pl\/wordpress\/wp-content\/uploads\/2018\/09\/025_will-would.pdf\">WILLL\/WOULD<\/a><\/li>\n<li><a href=\"https:\/\/jezykiobce.jaworzno.edu.pl\/wordpress\/wp-content\/uploads\/2018\/12\/zdania-a-grup\u0105-modaln\u0105-w-orzeczeniu.pdf\">Zdania a grup\u0105 modaln\u0105 w orzeczeniu (\u0107wiczenia)<\/a><\/li>\n<li><a href=\"https:\/\/jezykiobce.jaworzno.edu.pl\/wordpress\/wp-content\/uploads\/2019\/11\/comic_strip.pdf\">Modal Verbal Group in a comic strip<\/a><\/li>\n<li><a href=\"https:\/\/jezykiobce.jaworzno.edu.pl\/wordpress\/wp-content\/uploads\/2022\/02\/Thomson_Martinet_181-Auxiliary-verbs-perfect-inhnitives.pdf\">Modal Verbal Group in context<\/a><\/li>\n<\/ol>\n<p style=\"text-align: center;\"><strong>PASSIVE VOICE<\/strong><\/p>\n<ol>\n<li><a href=\"https:\/\/jezykiobce.jaworzno.edu.pl\/wordpress\/wp-content\/uploads\/2019\/04\/058_zdania_podstawowe1.pdf\">Basics<\/a><\/li>\n<li><a href=\"https:\/\/jezykiobce.jaworzno.edu.pl\/wordpress\/wp-content\/uploads\/2019\/09\/strbierna-przeksztalc.pdf\">Dwa dope\u0142nienia<\/a><\/li>\n<li><a href=\"https:\/\/jezykiobce.jaworzno.edu.pl\/wordpress\/wp-content\/uploads\/2020\/11\/say_tell_teoria.pdf\">Strona bierna z bezokolicznikami &#8211; teoria<\/a><\/li>\n<li><a href=\"http:\/\/jezykiobce.jaworzno.edu.pl\/wordpress\/wp-content\/uploads\/2018\/09\/3-RODZAJE.pdf\">Passive Voice, Causative have, Infinitives<\/a><\/li>\n<li><a href=\"https:\/\/jezykiobce.jaworzno.edu.pl\/wordpress\/wp-content\/uploads\/2019\/04\/058_passive_voice_say_tell.pdf\">Passive voice with infinitives (+some causative)<\/a><\/li>\n<li><a href=\"https:\/\/jezykiobce.jaworzno.edu.pl\/wordpress\/wp-content\/uploads\/2019\/04\/058_causative_have.pdf\">Causative have<\/a><\/li>\n<li><a href=\"https:\/\/jezykiobce.jaworzno.edu.pl\/wordpress\/wp-content\/uploads\/2021\/10\/CAUSATIVES-MISCELLANNEOUS.pdf\">Causatives &#8211; various verbs<\/a><\/li>\n<li><a href=\"https:\/\/jezykiobce.jaworzno.edu.pl\/wordpress\/wp-content\/uploads\/2021\/10\/passive_voice_150-164.pdf\">Passive B2<\/a><\/li>\n<li><a href=\"https:\/\/jezykiobce.jaworzno.edu.pl\/?page_id=694\">A film (OK)<\/a><\/li>\n<\/ol>\n<p style=\"text-align: center;\"><strong>REPORTED SPEECH<\/strong><\/p>\n<ol>\n<li><a href=\"https:\/\/jezykiobce.jaworzno.edu.pl\/wordpress\/wp-content\/uploads\/2023\/01\/siuda-statements-mowa-zalezna.pdf\">Zdania oznajmuj\u0105ce<\/a><\/li>\n<li><a href=\"https:\/\/jezykiobce.jaworzno.edu.pl\/wordpress\/wp-content\/uploads\/2018\/10\/026_okoliczniki_czasu_zamiana.pdf\">Zamiana okolicznik\u00f3w czasu<\/a><\/li>\n<li><a href=\"https:\/\/jezykiobce.jaworzno.edu.pl\/wordpress\/wp-content\/uploads\/2018\/10\/026_mowa_zalezna_zwroty_nie_bedace_zdaniem.pdf\">Zamiana zwrot\u00f3w nie b\u0119d\u0105cych zdaniem<\/a><\/li>\n<li><a href=\"https:\/\/jezykiobce.jaworzno.edu.pl\/wordpress\/wp-content\/uploads\/2018\/10\/026_reported_speech_advanced.pdf\">Advanced level<\/a><\/li>\n<li><a href=\"http:\/\/jezykiobce.jaworzno.edu.pl\/wordpress\/wp-content\/uploads\/2018\/10\/026_rozne-zwroty_bez-klucza.pdf\">\u0106wiczenie na r\u00f3\u017cne zwroty wprowadzaj\u0105ce<\/a><\/li>\n<li><a href=\"https:\/\/jezykiobce.jaworzno.edu.pl\/wordpress\/wp-content\/uploads\/2018\/10\/026_rozne_zdania_allen.pdf\">Intermediate (questions, statements)<\/a><\/li>\n<li><a href=\"http:\/\/jezykiobce.jaworzno.edu.pl\/wordpress\/wp-content\/uploads\/2019\/09\/imperatives.pdf\">Intermediate (imperatives)<\/a><\/li>\n<li><a href=\"https:\/\/jezykiobce.jaworzno.edu.pl\/wordpress\/wp-content\/uploads\/2018\/10\/026_Special-introductory-verbs.pdf\">Special introductory verbs<\/a><br \/><a href=\"https:\/\/view.genial.ly\/5e859fceba81d90dfb3453ed\/learning-experience-challenges-quiz-introductory-verbs\">A test on special introductory verbs (by Ewa Krzesiniak)<\/a><\/li>\n<li><a href=\"https:\/\/jezykiobce.jaworzno.edu.pl\/wordpress\/wp-content\/uploads\/2019\/09\/indirect_questions.pdf\">Indirect questions<\/a><\/li>\n<li><a href=\"http:\/\/jezykiobce.jaworzno.edu.pl\/wordpress\/wp-content\/uploads\/2019\/09\/MOWA-ZALE\u017bNA.pdf\">All types for intermediate students\u00a0<\/a><\/li>\n<li><a href=\"https:\/\/jezykiobce.jaworzno.edu.pl\/wordpress\/wp-content\/uploads\/2024\/10\/reported-speech_Graver.pdf\">Advanced<\/a><\/li>\n<\/ol>\n<p style=\"text-align: center;\"><strong>SUBJUNCTIVE<\/strong><\/p>\n<p><a href=\"https:\/\/jezykiobce.jaworzno.edu.pl\/wordpress\/wp-content\/uploads\/2018\/09\/WISH.pdf\">I wish<\/a><\/p>\n<p><a href=\"https:\/\/jezykiobce.jaworzno.edu.pl\/?page_id=1040\">WISH (piosenki)<\/a><\/p>\n<p><a href=\"https:\/\/jezykiobce.jaworzno.edu.pl\/wordpress\/wp-content\/uploads\/2025\/02\/would_rather-prefer.pdf\">Would rather vs prefer<\/a><\/p>\n<p><a href=\"https:\/\/jezykiobce.jaworzno.edu.pl\/wordpress\/wp-content\/uploads\/2025\/02\/subjunctive.pdf\">Subjunctive &#8211; revision<\/a><\/p>\n<p>&nbsp;<\/p>\n<p style=\"text-align: center;\"><strong>CLAUSES<\/strong><\/p>\n<p style=\"text-align: left;\"><strong>1.CONDITIONAL CLAUSES<\/strong><\/p>\n<p><a href=\"https:\/\/jezykiobce.jaworzno.edu.pl\/wordpress\/wp-content\/uploads\/2020\/09\/1-2_tryb_war.pdf\">1-2 conditional<\/a><\/p>\n<p><a href=\"https:\/\/jezykiobce.jaworzno.edu.pl\/wordpress\/wp-content\/uploads\/2018\/09\/CONDITIONAL-SENTENCES.pdf\">1,2,3 Conditional (put the verb in the right form)<\/a><\/p>\n<p><a href=\"https:\/\/jezykiobce.jaworzno.edu.pl\/wordpress\/wp-content\/uploads\/2018\/09\/022_dokoncz-zdania-warunkowe.pdf\">1,2,3 Conditional (finish the sentence)<\/a><\/p>\n<p><a href=\"https:\/\/jezykiobce.jaworzno.edu.pl\/wordpress\/wp-content\/uploads\/2019\/01\/022_Conditionals-1-2-3.pdf\">Conditionals 1-2-3<\/a><\/p>\n<p><a href=\"https:\/\/jezykiobce.jaworzno.edu.pl\/wordpress\/wp-content\/uploads\/2018\/09\/wariacje-_cwiczenia.pdf\">Variations<\/a><\/p>\n<p>Mixed Conditionals &#8211; <a href=\"https:\/\/view.genial.ly\/6039440382577e0d97c6051e\/interactive-content-mixed-conditional-clauses\">TEST<\/a><\/p>\n<p><strong>2. RELATIVE CLAUSES<\/strong><\/p>\n<p><a href=\"https:\/\/jezykiobce.jaworzno.edu.pl\/wordpress\/wp-content\/uploads\/2018\/08\/Relative_clauses_basic.pdf\">Defining and non-defining relative clauses basic<\/a><\/p>\n<p><a href=\"https:\/\/jezykiobce.jaworzno.edu.pl\/wordpress\/wp-content\/uploads\/2022\/03\/UPPER-INTERMEDIATE-NEW-MATURA-SUCCESS-1.pdf\">Relative Clauses (Upper-Intermediate)<\/a><\/p>\n<p><strong>3. PURPOSE CLAUSES<\/strong><\/p>\n<p><a href=\"https:\/\/jezykiobce.jaworzno.edu.pl\/wordpress\/wp-content\/uploads\/2018\/09\/purpose_clauses.pdf\">Purpose Clauses (rules)<\/a><\/p>\n<p><a href=\"https:\/\/jezykiobce.jaworzno.edu.pl\/wordpress\/wp-content\/uploads\/2018\/09\/PURPOSE-CLAUSES.pdf\">PURPOSE CLAUSES (exercises)<\/a><\/p>\n<p><strong>4. CONCESSION CLAUSES<\/strong><\/p>\n<p><a href=\"https:\/\/jezykiobce.jaworzno.edu.pl\/wordpress\/wp-content\/uploads\/2018\/09\/021_concession-clauses.pdf\">Concession Clauses<\/a><\/p>\n<p><strong>5. STYLISTIC INVERSION<\/strong><\/p>\n<p><a href=\"https:\/\/jezykiobce.jaworzno.edu.pl\/wordpress\/wp-content\/uploads\/2018\/09\/021_Inwersja_stylistyczna_teoria.pdf\">Inwersja stylistyczna teoria<\/a><\/p>\n<p><a href=\"https:\/\/jezykiobce.jaworzno.edu.pl\/wordpress\/wp-content\/uploads\/2018\/09\/021_inversion_rep_egids_roz.pdf\">Inwersja stylistyczna \u0107wiczenia<\/a><\/p>\n<p><a href=\"https:\/\/jezykiobce.jaworzno.edu.pl\/wordpress\/wp-content\/uploads\/2018\/10\/021_stylistic_inversion_exercises.pdf\">Stylistic inversion Exercises (variuos types)<\/a><\/p>\n<p><a href=\"https:\/\/jezykiobce.jaworzno.edu.pl\/wordpress\/wp-content\/uploads\/2022\/03\/so-neither.pdf\">Kr\u00f3tkie dopowiedzi z &#8222;so&#8221;\/&#8221;neither&#8221;<\/a><\/p>\n\n\n<p><strong>6. EMPHATIC CONNECTIVES AND CLEFT SENTENCES<\/strong><\/p>\n\n\n\n<p><a href=\"https:\/\/jezykiobce.jaworzno.edu.pl\/wordpress\/wp-content\/uploads\/2022\/03\/emphatic_connectives.pdf\">Emphatic Connectives<\/a><\/p>\n\n\n\n<p><a href=\"https:\/\/jezykiobce.jaworzno.edu.pl\/wordpress\/wp-content\/uploads\/2025\/12\/cleft.pdf\" target=\"_blank\" rel=\"noreferrer noopener\">Cleft sentences<\/a><\/p>\n\n\n\n<p><strong>7. ADVERBIAL CLAUSES (REASON, RESULT)<\/strong><\/p>\n\n\n\n<p><a href=\"https:\/\/jezykiobce.jaworzno.edu.pl\/wordpress\/wp-content\/uploads\/2024\/04\/str-CASE-RESULT-PURPOSE.pdf\">Purpose\/Cause\/Result <\/a><\/p>\n\n\n\n<p><a href=\"https:\/\/jezykiobce.jaworzno.edu.pl\/wordpress\/wp-content\/uploads\/2024\/04\/str-case-result-purpose-REVISION.pdf\">Result\/Cause\/Purpose Clauses &#8211; Revision<\/a><\/p>\n\n\n\n<p>8<strong>. NOUN CLAUSES<\/strong><\/p>\n\n\n\n<p><\/p>\n\n\n\n<p><strong>9. MISCELLANEOUS<\/strong> <\/p>\n\n\n\n<p><\/p>\n","protected":false},"excerpt":{"rendered":"<p>SENTENCE STRUCTURE Word order Question Tags\u00a0 Direct questions 1 ARTICLES Articles a\/the\/- (rules) Articles (Intermediate) Articles &#8211; exercises (upper-intermediate) PRONOUNS\/NOUNS Indefinite pronouns One\/ones POSSESIVE CASE (SAXON GENITIVE) QUANTIFIERS Zasada pojedynczego&#8230;<\/p>\n","protected":false},"author":1,"featured_media":0,"parent":0,"menu_order":0,"comment_status":"closed","ping_status":"closed","template":"","meta":{"footnotes":""},"class_list":["post-2","page","type-page","status-publish","hentry"],"_links":{"self":[{"href":"https:\/\/jezykiobce.jaworzno.edu.pl\/index.php?rest_route=\/wp\/v2\/pages\/2","targetHints":{"allow":["GET"]}}],"collection":[{"href":"https:\/\/jezykiobce.jaworzno.edu.pl\/index.php?rest_route=\/wp\/v2\/pages"}],"about":[{"href":"https:\/\/jezykiobce.jaworzno.edu.pl\/index.php?rest_route=\/wp\/v2\/types\/page"}],"author":[{"embeddable":true,"href":"https:\/\/jezykiobce.jaworzno.edu.pl\/index.php?rest_route=\/wp\/v2\/users\/1"}],"replies":[{"embeddable":true,"href":"https:\/\/jezykiobce.jaworzno.edu.pl\/index.php?rest_route=%2Fwp%2Fv2%2Fcomments&post=2"}],"version-history":[{"count":141,"href":"https:\/\/jezykiobce.jaworzno.edu.pl\/index.php?rest_route=\/wp\/v2\/pages\/2\/revisions"}],"predecessor-version":[{"id":1765,"href":"https:\/\/jezykiobce.jaworzno.edu.pl\/index.php?rest_route=\/wp\/v2\/pages\/2\/revisions\/1765"}],"wp:attachment":[{"href":"https:\/\/jezykiobce.jaworzno.edu.pl\/index.php?rest_route=%2Fwp%2Fv2%2Fmedia&parent=2"}],"curies":[{"name":"wp","href":"https:\/\/api.w.org\/{rel}","templated":true}]}}