{"id":53,"date":"2018-05-22T18:00:17","date_gmt":"2018-05-22T16:00:17","guid":{"rendered":"http:\/\/www.jezykiobce.jaworzno.edu.pl\/wordpress\/?page_id=53"},"modified":"2025-09-28T08:40:18","modified_gmt":"2025-09-28T06:40:18","slug":"slownictwo","status":"publish","type":"page","link":"https:\/\/jezykiobce.jaworzno.edu.pl\/?page_id=53","title":{"rendered":"S\u0142ownictwo"},"content":{"rendered":"\n<h1 class=\"wp-block-heading\"><strong>S\u0141OWNICTWO &#8211; ZAGADNIENIA GRAMATYCZNE<\/strong><\/h1>\n\n\n\n<p class=\"has-text-align-center\"><a href=\"https:\/\/jezykiobce.jaworzno.edu.pl\/wordpress\/wp-content\/uploads\/2018\/08\/czasowniki_statyczne.pdf\">Czasowniki statyczne<\/a><\/p>\n\n\n\n<p class=\"has-text-align-center\"><a href=\"https:\/\/jezykiobce.jaworzno.edu.pl\/wordpress\/wp-content\/uploads\/2018\/09\/020_IRREGULAR_VERBS.pdf\">IRREGULAR VERBS &#8211; poziom rozszerzony<\/a><\/p>\n\n\n\n<p class=\"has-text-align-center\"><a href=\"https:\/\/jezykiobce.jaworzno.edu.pl\/wordpress\/wp-content\/uploads\/2019\/09\/czasowniki-nieregularne-podstawowe.pdf\">Czasowniki nieregularne &#8211; poziom podstawowy<\/a><\/p>\n\n\n\n<p class=\"has-text-align-center\">WYMOWA:<a href=\"https:\/\/www.ang.pl\/slownictwo\/czasowniki-nieregularne\"> https:\/\/www.ang.pl\/slownictwo\/czasowniki-nieregularne<\/a><\/p>\n\n\n\n<p class=\"has-text-align-center\"><a href=\"https:\/\/eduprzestrzen.wordpress.com\/2020\/04\/23\/3-sposoby-na-czasowniki-nieregularne\/?fbclid=IwAR18qZhhv3O80rjhDt6aS9DDUjZ0ZwnxO7ASPjewMzHu1guf2jTuax1kY6g\">Jak prze\u0107wiczy\u0107 czasowniki nieregularne (wskaz\u00f3wki)<\/a><\/p>\n\n\n\n<p class=\"has-text-align-center\"><a href=\"https:\/\/jezykiobce.jaworzno.edu.pl\/wordpress\/wp-content\/uploads\/2018\/09\/011_revision_1_10.pdf\">Word Formation (revision 10 units)<\/a> \/ <a href=\"http:\/\/jezykiobce.jaworzno.edu.pl\/wordpress\/wp-content\/uploads\/2018\/09\/011_key_revision_1-10.pdf\">KEY<\/a><\/p>\n\n\n\n<p class=\"has-text-align-center\"><a href=\"https:\/\/jezykiobce.jaworzno.edu.pl\/wordpress\/wp-content\/uploads\/2018\/08\/adjectives_negative.pdf\">Negative adjectives<\/a><\/p>\n\n\n\n<p class=\"has-text-align-center\"><a href=\"https:\/\/jezykiobce.jaworzno.edu.pl\/wordpress\/wp-content\/uploads\/2020\/11\/positive_adjectives.pdf\">Positive Adjectives<\/a><\/p>\n\n\n\n<p class=\"has-text-align-center\"><a href=\"https:\/\/jezykiobce.jaworzno.edu.pl\/wordpress\/wp-content\/uploads\/2020\/02\/make_do.pdf\">MAKE VS DO<\/a><\/p>\n\n\n\n<p class=\"has-text-align-center\"><strong>SYNONIMY<\/strong><\/p>\n\n\n\n<p class=\"has-text-align-center\"><a href=\"https:\/\/jezykiobce.jaworzno.edu.pl\/wordpress\/wp-content\/uploads\/2022\/06\/SPEAK.pdf\">SPEAK<\/a><\/p>\n\n\n\n<p class=\"has-text-align-center\"><a href=\"https:\/\/jezykiobce.jaworzno.edu.pl\/wordpress\/wp-content\/uploads\/2022\/06\/WALK.pdf\">WALK<\/a><\/p>\n\n\n\n<p class=\"has-text-align-center\"><a href=\"https:\/\/jezykiobce.jaworzno.edu.pl\/wordpress\/wp-content\/uploads\/2022\/01\/see-update.pdf\">SEE<\/a><\/p>\n\n\n\n<h1 class=\"wp-block-heading has-text-align-center\"><strong><span style=\"color: #993366;\">S\u0141OWNICTWO &#8211; ZAGADNIENIA TEMATYCZNE<\/span><\/strong><\/h1>\n\n\n\n<p class=\"has-text-align-center\"><strong>1. CZ\u0141OWIEK<\/strong><\/p>\n\n\n\n<figure class=\"wp-block-embed is-type-wp-embed is-provider-genially wp-block-embed-genially\"><div class=\"wp-block-embed__wrapper\">\n<iframe class=\"wp-embedded-content\" sandbox=\"allow-scripts\" security=\"restricted\" title=\"Appearance\" frameborder='0' width='1200' height='675' src='https:\/\/view.genially.com\/5f1e8139a07dc10d6f80070c#?secret=W6E8RrGAjJ' data-secret='W6E8RrGAjJ' scrolling='yes'><\/iframe>\n<\/div><\/figure>\n\n\n\n<p class=\"has-text-align-center\">Lekcja powt\u00f3rkowa &#8211; autorka Ewa Sok\u00f3\u0142<\/p>\n\n\n\n<ol class=\"wp-block-list\">\n<li><a href=\"https:\/\/jezykiobce.jaworzno.edu.pl\/wordpress\/wp-content\/uploads\/2020\/09\/description_of_people.pdf\">Description of people<\/a><\/li>\n\n\n\n<li><a href=\"http:\/\/jezykiobce.jaworzno.edu.pl\/wordpress\/wp-content\/uploads\/2019\/05\/004_Build.pdf\">Build<\/a><\/li>\n\n\n\n<li><a href=\"https:\/\/jezykiobce.jaworzno.edu.pl\/wordpress\/wp-content\/uploads\/2019\/05\/004_HAIR.pdf\">Hair<\/a><\/li>\n\n\n\n<li><a href=\"https:\/\/jezykiobce.jaworzno.edu.pl\/wordpress\/wp-content\/uploads\/2019\/05\/face.pdf\">Face<\/a><\/li>\n\n\n\n<li><a href=\"https:\/\/jezykiobce.jaworzno.edu.pl\/wordpress\/wp-content\/uploads\/2019\/09\/good_and_bad_qualities.pdf\">Good and bad qualities<\/a><\/li>\n\n\n\n<li><a href=\"https:\/\/jezykiobce.jaworzno.edu.pl\/wordpress\/wp-content\/uploads\/2020\/04\/004_character_and_personality.pdf\">Character and personality&nbsp;&nbsp;&nbsp;&nbsp;&nbsp;&nbsp;<\/a><br> <a href=\"https:\/\/quizlet.com\/pl\/669099227\/characteristics-flash-cards\/\">Learn and enjoy \ud83d\ude09<\/a><\/li>\n\n\n\n<li><a href=\"https:\/\/jezykiobce.jaworzno.edu.pl\/wordpress\/wp-content\/uploads\/2018\/09\/004_moodsweather1.pdf\">Moods&nbsp;<\/a><\/li>\n\n\n\n<li><a href=\"https:\/\/jezykiobce.jaworzno.edu.pl\/wordpress\/wp-content\/uploads\/2018\/08\/004_free_time_activities1.pdf\">Free time activities vs personality types<\/a><\/li>\n\n\n\n<li><a href=\"https:\/\/jezykiobce.jaworzno.edu.pl\/wordpress\/wp-content\/uploads\/2020\/09\/Likes-and-dislikes.pdf\">Likes and dislikes<\/a><\/li>\n\n\n\n<li><a href=\"https:\/\/jezykiobce.jaworzno.edu.pl\/wordpress\/wp-content\/uploads\/2022\/12\/clothes.pdf\">Clothes<\/a><\/li>\n<\/ol>\n\n\n\n<p class=\"has-text-align-center\"><strong>2. DOM<\/strong><\/p>\n\n\n\n<ol class=\"wp-block-list\">\n<li><a href=\"https:\/\/jezykiobce.jaworzno.edu.pl\/wordpress\/wp-content\/uploads\/2018\/08\/description_house.pdf\">Description of a house\/flat<\/a><\/li>\n\n\n\n<li><a href=\"https:\/\/jezykiobce.jaworzno.edu.pl\/wordpress\/wp-content\/uploads\/2019\/10\/prepositions.pdf\">Prepositions<\/a><\/li>\n\n\n\n<li><a href=\"https:\/\/jezykiobce.jaworzno.edu.pl\/wordpress\/wp-content\/uploads\/2018\/09\/004_kinds_of_houses.pdf\">Kinds of houses<\/a><\/li>\n\n\n\n<li><a href=\"https:\/\/jezykiobce.jaworzno.edu.pl\/wordpress\/wp-content\/uploads\/2018\/08\/Jaworzno-the-town-we-live-in-1.pdf\">Jaworzno &#8211; the town we live in<\/a><\/li>\n\n\n\n<li><a href=\"https:\/\/jezykiobce.jaworzno.edu.pl\/wordpress\/wp-content\/uploads\/2020\/03\/housework.pdf\">Housework<\/a><\/li>\n\n\n\n<li><a href=\"https:\/\/jezykiobce.jaworzno.edu.pl\/wordpress\/wp-content\/uploads\/2020\/06\/city_vs_country.pdf\">City vs Country Life<\/a><\/li>\n<\/ol>\n\n\n\n<p class=\"has-text-align-center\"><strong>3. SZKO\u0141A<\/strong><\/p>\n\n\n\n<ol class=\"wp-block-list\">\n<li><img decoding=\"async\" class=\"wp-image-1497\" style=\"width: NaNpx;\" src=\"https:\/\/jezykiobce.jaworzno.edu.pl\/wordpress\/wp-content\/uploads\/2023\/12\/polski-system-8klas.pdf\" alt=\"\"><a href=\"https:\/\/jezykiobce.jaworzno.edu.pl\/wordpress\/wp-content\/uploads\/2023\/12\/polski-system-8klas-1.pdf\" data-type=\"link\" data-id=\"https:\/\/jezykiobce.jaworzno.edu.pl\/wordpress\/wp-content\/uploads\/2023\/12\/polski-system-8klas-1.pdf\" target=\"_blank\" rel=\"noreferrer noopener\">Polish system of education<\/a><\/li>\n\n\n\n<li><a href=\"https:\/\/jezykiobce.jaworzno.edu.pl\/wordpress\/wp-content\/uploads\/2025\/09\/SCHOOL-SUBJECTS.pdf\" data-type=\"attachment\" data-id=\"1721\">SCHOOL SUBJECTS<\/a><\/li>\n\n\n\n<li><a href=\"https:\/\/jezykiobce.jaworzno.edu.pl\/wordpress\/wp-content\/uploads\/2020\/10\/uk_education.pdf\">UK System of Education<\/a><\/li>\n\n\n\n<li><a href=\"https:\/\/jezykiobce.jaworzno.edu.pl\/wordpress\/wp-content\/uploads\/2020\/10\/usa_education.pdf\">USA System of Education<\/a><\/li>\n<\/ol>\n\n\n\n<p class=\"has-text-align-center\"><strong style=\"text-align: center;\">4. PRACA<\/strong><\/p>\n\n\n\n<ol class=\"wp-block-list\">\n<li><a href=\"https:\/\/jezykiobce.jaworzno.edu.pl\/wordpress\/wp-content\/uploads\/2019\/09\/jobs.pdf\">Jobs<\/a><\/li>\n\n\n\n<li><a href=\"https:\/\/jezykiobce.jaworzno.edu.pl\/wordpress\/wp-content\/uploads\/2019\/02\/004_crafts.pdf\">Crafts<\/a><\/li>\n<\/ol>\n\n\n\n<p class=\"has-text-align-center\"><strong>5. \u017bYCIE RODZINNE I TOWARZYSKIE<\/strong><\/p>\n\n\n\n<ol class=\"wp-block-list\">\n<li><a href=\"https:\/\/jezykiobce.jaworzno.edu.pl\/wordpress\/wp-content\/uploads\/2022\/11\/festivals_in_poland.pdf\">Festivals in Poland<\/a><\/li>\n\n\n\n<li><a href=\"https:\/\/jezykiobce.jaworzno.edu.pl\/wordpress\/wp-content\/uploads\/2019\/09\/family-tree.pdf\">Family tree<\/a><\/li>\n<\/ol>\n\n\n\n<p class=\"has-text-align-center\"><strong>6. \u017bYWIENIE<\/strong><\/p>\n\n\n\n<ol class=\"wp-block-list\">\n<li><a href=\"https:\/\/jezykiobce.jaworzno.edu.pl\/wordpress\/wp-content\/uploads\/2019\/04\/FOOD1.pdf\">Meals (food)<\/a><\/li>\n\n\n\n<li><a href=\"https:\/\/jezykiobce.jaworzno.edu.pl\/wordpress\/wp-content\/uploads\/2019\/04\/food2.pdf\">Desserts, fruit, seasonings (food)<\/a><\/li>\n\n\n\n<li><a href=\"https:\/\/jezykiobce.jaworzno.edu.pl\/wordpress\/wp-content\/uploads\/2019\/05\/COOKING.pdf\">Cooking<\/a><\/li>\n<\/ol>\n\n\n\n<p class=\"has-text-align-center\"><strong>7. ZAKUPY I US\u0141UGI<\/strong><\/p>\n\n\n\n<ol class=\"wp-block-list\">\n<li><a href=\"https:\/\/jezykiobce.jaworzno.edu.pl\/wordpress\/wp-content\/uploads\/2018\/09\/shops-goods.pdf\">Shops and Goods<\/a><\/li>\n\n\n\n<li><a href=\"https:\/\/jezykiobce.jaworzno.edu.pl\/wordpress\/wp-content\/uploads\/2018\/11\/004_money.pdf\">Money (vocabulary)<\/a><\/li>\n\n\n\n<li><a href=\"https:\/\/jezykiobce.jaworzno.edu.pl\/wordpress\/wp-content\/uploads\/2018\/11\/003_money_cwiczenia.pdf\">Money (exercises &#8211; intermediate)<\/a><\/li>\n\n\n\n<li><a href=\"https:\/\/jezykiobce.jaworzno.edu.pl\/wordpress\/wp-content\/uploads\/2018\/11\/003_money.pdf\">Money (exercises &#8211; upperintermediate)<\/a><\/li>\n\n\n\n<li><a href=\"https:\/\/jezykiobce.jaworzno.edu.pl\/?page_id=705\">Advertisements<\/a><\/li>\n<\/ol>\n\n\n\n<p class=\"has-text-align-center\"><strong>8. PODR\u00d3\u017bOWANIE I TURYSTYKA<\/strong><\/p>\n\n\n\n<ol class=\"wp-block-list\">\n<li><a href=\"https:\/\/jezykiobce.jaworzno.edu.pl\/wordpress\/wp-content\/uploads\/2018\/06\/HOLIDAYS.pdf\">Tourism<\/a><\/li>\n\n\n\n<li><a href=\"https:\/\/jezykiobce.jaworzno.edu.pl\/wordpress\/wp-content\/uploads\/2018\/06\/Na_plazy_nad_jeziorem.pdf\">On the beach<\/a><\/li>\n\n\n\n<li><a href=\"https:\/\/jezykiobce.jaworzno.edu.pl\/wordpress\/wp-content\/uploads\/2018\/08\/004_geografia-polski-1.pdf\">Geografia Polski<\/a><\/li>\n\n\n\n<li><a href=\"https:\/\/jezykiobce.jaworzno.edu.pl\/wordpress\/wp-content\/uploads\/2019\/01\/means_of_transport.pdf\">Means of transport<\/a><\/li>\n\n\n\n<li><a href=\"https:\/\/jezykiobce.jaworzno.edu.pl\/wordpress\/wp-content\/uploads\/2019\/09\/flights_planes_travelling.pdf\">Flying<\/a><br> + lekcja multimedialna (autorka Bogna Sikora)&nbsp; <a href=\"https:\/\/view.genial.ly\/5f1e8101fbeabf0cf7b3d156\/presentation-travelling-by-plane\">https:\/\/view.genial.ly\/5f1e8101fbeabf0cf7b3d156\/presentation-travelling-by-plane<\/a><\/li>\n\n\n\n<li><a href=\"https:\/\/view.genial.ly\/5e9da04d9f55700daa5d5165\/presentation-asking-for-and-giving-directions\">Asking the way<\/a><\/li>\n<\/ol>\n\n\n\n<p class=\"has-text-align-center\"><strong>9. KULTURA<\/strong><\/p>\n\n\n\n<ol class=\"wp-block-list\">\n<li><a href=\"https:\/\/jezykiobce.jaworzno.edu.pl\/?page_id=230\">Music &#8211; a quiz<\/a><\/li>\n\n\n\n<li><a href=\"https:\/\/jezykiobce.jaworzno.edu.pl\/wordpress\/wp-content\/uploads\/2023\/03\/Music.pdf\">Music<\/a> &#8211; vocabulary<\/li>\n\n\n\n<li><a href=\"https:\/\/jezykiobce.jaworzno.edu.pl\/wordpress\/wp-content\/uploads\/2019\/01\/books.pdf\">Books<\/a><\/li>\n\n\n\n<li><a href=\"https:\/\/jezykiobce.jaworzno.edu.pl\/wordpress\/wp-content\/uploads\/2019\/01\/BOOK-PRESENTATION.pdf\">BOOK PRESENTATION<\/a><\/li>\n\n\n\n<li><a href=\"https:\/\/jezykiobce.jaworzno.edu.pl\/wordpress\/wp-content\/uploads\/2022\/11\/TV.pdf\">TV<\/a><\/li>\n\n\n\n<li><a href=\"https:\/\/jezykiobce.jaworzno.edu.pl\/wordpress\/wp-content\/uploads\/2019\/04\/NEWSPAPERS-parts.pdf\">NEWSPAPERS-parts<\/a><\/li>\n\n\n\n<li><a href=\"https:\/\/jezykiobce.jaworzno.edu.pl\/wordpress\/wp-content\/uploads\/2022\/04\/Newspaper-language.pdf\">Newspaper language<\/a><\/li>\n\n\n\n<li><a href=\"https:\/\/jezykiobce.jaworzno.edu.pl\/wordpress\/wp-content\/uploads\/2019\/09\/ART.pdf\">ART<\/a><\/li>\n\n\n\n<li><a href=\"https:\/\/jezykiobce.jaworzno.edu.pl\/wordpress\/wp-content\/uploads\/2019\/09\/DESCRIPTION-OF-A-PAINTING.pdf\">DESCRIPTION OF A PAINTING<\/a><\/li>\n\n\n\n<li><a href=\"https:\/\/jezykiobce.jaworzno.edu.pl\/wordpress\/wp-content\/uploads\/2021\/11\/ways_of_communication.pdf\">Ways of communication<\/a><\/li>\n<\/ol>\n\n\n\n<p class=\"has-text-align-center\"><strong>10. ZDROWIE<\/strong><\/p>\n\n\n\n<ol class=\"wp-block-list\">\n<li><a href=\"https:\/\/jezykiobce.jaworzno.edu.pl\/wordpress\/wp-content\/uploads\/2018\/08\/body_organs.pdf\">Body organs<\/a><\/li>\n\n\n\n<li><a href=\"https:\/\/jezykiobce.jaworzno.edu.pl\/wordpress\/wp-content\/uploads\/2019\/05\/004_our-body.pdf\">Body and diseases<\/a><\/li>\n\n\n\n<li><a href=\"https:\/\/jezykiobce.jaworzno.edu.pl\/wordpress\/wp-content\/uploads\/2020\/06\/at-the-doctor.pdf\">At the doctor&#8217;s &#8211; vovabulary<\/a><\/li>\n\n\n\n<li><a href=\"https:\/\/jezykiobce.jaworzno.edu.pl\/wordpress\/wp-content\/uploads\/2020\/09\/At-the-doctors.pdf\">At the doctor&#8217;s<\/a>&nbsp;&#8211; dialogues<\/li>\n\n\n\n<li><a href=\"https:\/\/jezykiobce.jaworzno.edu.pl\/?page_id=642\">The history of vaccination<\/a><\/li>\n\n\n\n<li><a href=\"https:\/\/jezykiobce.jaworzno.edu.pl\/wordpress\/wp-content\/uploads\/2021\/04\/FIDGETING.pdf\">Fidgeting<\/a><\/li>\n<\/ol>\n\n\n\n<p class=\"has-text-align-center\"><strong>11. SPORT<\/strong><\/p>\n\n\n\n<ol class=\"wp-block-list\">\n<li><a href=\"https:\/\/learningapps.org\/3663557\">Exercises (learning apps) 1<\/a><\/li>\n\n\n\n<li><a href=\"https:\/\/learningapps.org\/1583962\">Exercises (larning apps) 2<\/a><\/li>\n\n\n\n<li><a href=\"https:\/\/jezykiobce.jaworzno.edu.pl\/wordpress\/wp-content\/uploads\/2019\/12\/football-vocabulary.pdf\">Football<\/a><\/li>\n\n\n\n<li><a href=\"https:\/\/jezykiobce.jaworzno.edu.pl\/wordpress\/wp-content\/uploads\/2024\/06\/sports.pdf\" data-type=\"link\" data-id=\"https:\/\/jezykiobce.jaworzno.edu.pl\/wordpress\/wp-content\/uploads\/2024\/06\/sports.pdf\">Sports<\/a><\/li>\n<\/ol>\n\n\n\n<p class=\"has-text-align-center\"><strong>12. NAUKA I TECHNIKA<\/strong><\/p>\n\n\n\n<ol class=\"wp-block-list\">\n<li><a href=\"https:\/\/jezykiobce.jaworzno.edu.pl\/wordpress\/wp-content\/uploads\/2018\/08\/ways_of_communication.pdf\">Ways of communication<\/a><\/li>\n\n\n\n<li><a href=\"https:\/\/jezykiobce.jaworzno.edu.pl\/wordpress\/wp-content\/uploads\/2024\/12\/noises.pdf\" data-type=\"attachment\" data-id=\"1651\">Noises things make<\/a><\/li>\n\n\n\n<li><a href=\"https:\/\/jezykiobce.jaworzno.edu.pl\/wordpress\/wp-content\/uploads\/2018\/09\/tools-and-devices.pdf\">Tools and Devices<\/a><\/li>\n\n\n\n<li><a href=\"https:\/\/jezykiobce.jaworzno.edu.pl\/wordpress\/wp-content\/uploads\/2018\/09\/GADGETS.pdf\">Technlogy &#8211; gadgets\/appliances<\/a><\/li>\n\n\n\n<li><a href=\"https:\/\/jezykiobce.jaworzno.edu.pl\/wordpress\/wp-content\/uploads\/2018\/10\/satellites.pdf\">Satellites<\/a><\/li>\n\n\n\n<li><a href=\"https:\/\/jezykiobce.jaworzno.edu.pl\/wordpress\/wp-content\/uploads\/2020\/09\/computers.pdf\">Computers<\/a><\/li>\n<\/ol>\n\n\n\n<div class=\"wp-block-media-text is-stacked-on-mobile\"><figure class=\"wp-block-media-text__media\"><\/figure><div class=\"wp-block-media-text__content\">\n<p><\/p>\n<\/div><\/div>\n\n\n\n<p class=\"has-text-align-center\"><strong>13. \u015aWIAT PRZYRODY<\/strong><\/p>\n\n\n\n<ol class=\"wp-block-list\">\n<li><a href=\"https:\/\/jezykiobce.jaworzno.edu.pl\/wordpress\/wp-content\/uploads\/2021\/10\/ANIMALS.pdf\">Animals<\/a><\/li>\n\n\n\n<li><a href=\"https:\/\/jezykiobce.jaworzno.edu.pl\/wordpress\/wp-content\/uploads\/2021\/11\/ANIMAL-HOUSES.pdf\">Animal houses<\/a><\/li>\n\n\n\n<li><a href=\"https:\/\/jezykiobce.jaworzno.edu.pl\/wordpress\/wp-content\/uploads\/2021\/12\/ANIMAL-SOUNDS.pdf\">ANIMAL SOUNDS<\/a><\/li>\n\n\n\n<li><a href=\"https:\/\/jezykiobce.jaworzno.edu.pl\/wordpress\/wp-content\/uploads\/2018\/10\/environment.pdf\">Destruction of the natural environment (reasons, results and solutions)<\/a><\/li>\n\n\n\n<li><a href=\"https:\/\/jezykiobce.jaworzno.edu.pl\/wordpress\/wp-content\/uploads\/2021\/12\/disasters-1.pdf\">Disasters<\/a><\/li>\n\n\n\n<li><a href=\"https:\/\/jezykiobce.jaworzno.edu.pl\/wordpress\/wp-content\/uploads\/2018\/10\/004_weather1.pdf\">Weather<\/a><\/li>\n<\/ol>\n\n\n\n<p>Podb\u00f3j kosmosu<\/p>\n\n\n\n<ol class=\"wp-block-list\">\n<li><a href=\"https:\/\/jezykiobce.jaworzno.edu.pl\/wordpress\/wp-content\/uploads\/2018\/05\/004_Kosmos-voc.pdf\">S\u0142ownictwo dotycz\u0105ce podboju kosmosu<\/a><\/li>\n\n\n\n<li><a href=\"https:\/\/jezykiobce.jaworzno.edu.pl\/wordpress\/wp-content\/uploads\/2018\/05\/Historia-podboju-kosmosu.pdf\">Historia podboju kosmosu<\/a><\/li>\n\n\n\n<li><a href=\"https:\/\/jezykiobce.jaworzno.edu.pl\/wordpress\/wp-content\/uploads\/2018\/05\/Przestrze\u0144-kosmiczna-definicje.pdf\">Przestrze\u0144 kosmiczna &#8211; definicje<\/a><\/li>\n\n\n\n<li><a href=\"https:\/\/jezykiobce.jaworzno.edu.pl\/wordpress\/wp-content\/uploads\/2020\/11\/satellites.pdf\">Satellites<\/a><\/li>\n<\/ol>\n\n\n\n<p class=\"has-text-align-center\"><strong>14. PA\u0143STWO I SPO\u0141ECZE\u0143STWO<\/strong><\/p>\n\n\n\n<ol class=\"wp-block-list\">\n<li><a href=\"https:\/\/jezykiobce.jaworzno.edu.pl\/wordpress\/wp-content\/uploads\/2018\/06\/SOCIAL-DISEASES.pdf\">Social issues<\/a><\/li>\n\n\n\n<li><a href=\"https:\/\/jezykiobce.jaworzno.edu.pl\/wordpress\/wp-content\/uploads\/2018\/08\/money.pdf\">Money &#8211; vocabulary<\/a>&nbsp;and&nbsp;<a href=\"https:\/\/jezykiobce.jaworzno.edu.pl\/wordpress\/wp-content\/uploads\/2018\/08\/money_exercises.pdf\">exercises for advanced students<\/a><\/li>\n\n\n\n<li><a href=\"https:\/\/jezykiobce.jaworzno.edu.pl\/wordpress\/wp-content\/uploads\/2022\/11\/interpreting_charts.pdf\">Interpreting charts<\/a><\/li>\n\n\n\n<li><a href=\"https:\/\/jezykiobce.jaworzno.edu.pl\/?page_id=291\">Crime and Punishment<\/a><\/li>\n\n\n\n<li><a href=\"https:\/\/jezykiobce.jaworzno.edu.pl\/wordpress\/wp-content\/uploads\/2019\/02\/history-1.pdf\">History<\/a><\/li>\n\n\n\n<li><a href=\"https:\/\/jezykiobce.jaworzno.edu.pl\/wordpress\/wp-content\/uploads\/2021\/03\/003_political_systems_tabelka.pdf\">Political Systems (UK, USA, Poland)<\/a><\/li>\n\n\n\n<li><a href=\"https:\/\/jezykiobce.jaworzno.edu.pl\/wordpress\/wp-content\/uploads\/2022\/12\/wars.pdf\">Wars<\/a><\/li>\n\n\n\n<li><a href=\"https:\/\/jezykiobce.jaworzno.edu.pl\/wordpress\/wp-content\/uploads\/2025\/09\/state-and-society-vocabulary.pdf\" data-type=\"attachment\" data-id=\"1718\">State and society vocabulary<\/a><\/li>\n\n\n\n<li><a href=\"https:\/\/jezykiobce.jaworzno.edu.pl\/wordpress\/wp-content\/uploads\/2024\/11\/state_and_society.pdf\" data-type=\"attachment\" data-id=\"1632\">State and society (exercises)<\/a><\/li>\n\n\n\n<li><a href=\"https:\/\/jezykiobce.jaworzno.edu.pl\/wordpress\/wp-content\/uploads\/2025\/09\/POLITICS-1.pdf\" data-type=\"attachment\" data-id=\"1714\">POLITICS<\/a><\/li>\n\n\n\n<li><a href=\"https:\/\/jezykiobce.jaworzno.edu.pl\/wordpress\/wp-content\/uploads\/2025\/09\/polityka-cwiczenia.pdf\" data-type=\"attachment\" data-id=\"1716\">Politics &#8211; exercises<\/a><\/li>\n<\/ol>\n\n\n\n<div class=\"wp-block-media-text is-stacked-on-mobile\"><figure class=\"wp-block-media-text__media\"><\/figure><div class=\"wp-block-media-text__content\">\n<p><\/p>\n<\/div><\/div>\n\n\n\n<p><\/p>\n","protected":false},"excerpt":{"rendered":"<p>S\u0141OWNICTWO &#8211; ZAGADNIENIA GRAMATYCZNE Czasowniki statyczne IRREGULAR VERBS &#8211; poziom rozszerzony Czasowniki nieregularne &#8211; poziom podstawowy WYMOWA: https:\/\/www.ang.pl\/slownictwo\/czasowniki-nieregularne Jak prze\u0107wiczy\u0107 czasowniki nieregularne (wskaz\u00f3wki) Word Formation (revision 10 units) \/ KEY&#8230;<\/p>\n","protected":false},"author":1,"featured_media":0,"parent":0,"menu_order":0,"comment_status":"closed","ping_status":"closed","template":"","meta":{"footnotes":""},"class_list":["post-53","page","type-page","status-publish","hentry"],"_links":{"self":[{"href":"https:\/\/jezykiobce.jaworzno.edu.pl\/index.php?rest_route=\/wp\/v2\/pages\/53","targetHints":{"allow":["GET"]}}],"collection":[{"href":"https:\/\/jezykiobce.jaworzno.edu.pl\/index.php?rest_route=\/wp\/v2\/pages"}],"about":[{"href":"https:\/\/jezykiobce.jaworzno.edu.pl\/index.php?rest_route=\/wp\/v2\/types\/page"}],"author":[{"embeddable":true,"href":"https:\/\/jezykiobce.jaworzno.edu.pl\/index.php?rest_route=\/wp\/v2\/users\/1"}],"replies":[{"embeddable":true,"href":"https:\/\/jezykiobce.jaworzno.edu.pl\/index.php?rest_route=%2Fwp%2Fv2%2Fcomments&post=53"}],"version-history":[{"count":170,"href":"https:\/\/jezykiobce.jaworzno.edu.pl\/index.php?rest_route=\/wp\/v2\/pages\/53\/revisions"}],"predecessor-version":[{"id":1722,"href":"https:\/\/jezykiobce.jaworzno.edu.pl\/index.php?rest_route=\/wp\/v2\/pages\/53\/revisions\/1722"}],"wp:attachment":[{"href":"https:\/\/jezykiobce.jaworzno.edu.pl\/index.php?rest_route=%2Fwp%2Fv2%2Fmedia&parent=53"}],"curies":[{"name":"wp","href":"https:\/\/api.w.org\/{rel}","templated":true}]}}